{"id":290,"date":"2016-11-15T19:54:26","date_gmt":"2016-11-15T18:54:26","guid":{"rendered":"http:\/\/www.lobaufischer.at\/?page_id=290"},"modified":"2026-06-04T08:44:04","modified_gmt":"2026-06-04T06:44:04","slug":"unser-team","status":"publish","type":"page","link":"http:\/\/www.lobaufischer.at\/?page_id=290","title":{"rendered":"Unser Team"},"content":{"rendered":"<p>Der Vorstand des Vereins der Lobaufischer wurde von seinen 450 Mitgliedern im Rahmen der letzten Jahresversammlung im M\u00e4rz 2026 neu gew\u00e4hlt. Er trifft sich mindestens einmal monatlich in Gro\u00dfenzersdorf zu den Vereinssitzungen.<\/p>\n\n<table id=\"tablepress-3\" class=\"tablepress tablepress-id-3\">\n<thead>\n<tr class=\"row-1\">\n\t<th class=\"column-1\">OBMANN<\/th><th class=\"column-2\">OBMANN StV.<\/th><th class=\"column-3\">KASSIER<\/th>\n<\/tr>\n<\/thead>\n<tbody class=\"row-striping row-hover\">\n<tr class=\"row-2\">\n\t<td class=\"column-1\"><figure id=\"attachment_1985\" aria-describedby=\"caption-attachment-1985\" style=\"width: 150px\" class=\"wp-caption alignnone\"><img loading=\"lazy\" decoding=\"async\" src=\"http:\/\/www.lobaufischer.at\/wp-content\/uploads\/2026\/06\/KOBER_Gerhard-150x150.jpg\" alt=\"Gerhard Kober Obmann\" width=\"150\" height=\"150\" class=\"size-thumbnail wp-image-1985\" \/><figcaption id=\"caption-attachment-1985\" class=\"wp-caption-text\">Gerhard Kober<br \/>Obmann, Schriftf\u00fchrer, Gew\u00e4sserwart Teich Lobau<\/figcaption><\/figure><\/td><td class=\"column-2\"><figure id=\"attachment_2004\" aria-describedby=\"caption-attachment-2004\" style=\"width: 150px\" class=\"wp-caption alignnone\"><img loading=\"lazy\" decoding=\"async\" src=\"http:\/\/www.lobaufischer.at\/wp-content\/uploads\/2026\/06\/LANG_Christoph-150x150.jpg\" alt=\"Christoph Lang Obmann-Stellvertreter, Kontrollobmann\" width=\"150\" height=\"150\" class=\"size-thumbnail wp-image-2004\" \/><figcaption id=\"caption-attachment-2004\" class=\"wp-caption-text\">Christoph Lang<br \/>Obmann-Stellvertreter, Kontrollobmann<\/figcaption><\/figure><\/td><td class=\"column-3\"><figure id=\"attachment_1996\" aria-describedby=\"caption-attachment-1996\" style=\"width: 150px\" class=\"wp-caption alignnone\"><img loading=\"lazy\" decoding=\"async\" src=\"http:\/\/www.lobaufischer.at\/wp-content\/uploads\/2026\/06\/GOLDMANN_Harald-150x150.jpg\" alt=\"Harald Goldmann Kassier, LO-Kassier Stellvertreter, Verbands-Rechnungspr\u00fcfer\" width=\"150\" height=\"150\" class=\"size-thumbnail wp-image-1996\" \/><figcaption id=\"caption-attachment-1996\" class=\"wp-caption-text\">Harald Goldmann<br \/>Kassier, LO-Kassier Stellvertreter, Verbands-Rechnungspr\u00fcfer<\/figcaption><\/figure><\/td>\n<\/tr>\n<tr class=\"row-3\">\n\t<td class=\"column-1\">SCHRIFTF\u00dcHRER StV.<\/td><td class=\"column-2\">KASSIER StV.<\/td><td class=\"column-3\">GEW\u00c4SSERWART<\/td>\n<\/tr>\n<tr class=\"row-4\">\n\t<td class=\"column-1\"><figure id=\"attachment_2000\" aria-describedby=\"caption-attachment-2000\" style=\"width: 150px\" class=\"wp-caption alignnone\"><img loading=\"lazy\" decoding=\"async\" src=\"http:\/\/www.lobaufischer.at\/wp-content\/uploads\/2026\/06\/JANAS_Thaddaeus-150x150.jpg\" alt=\"Thadd\u00e4us Janas Schriftf\u00fchrer-Stellvertreter\" width=\"150\" height=\"150\" class=\"size-thumbnail wp-image-2000\" \/><figcaption id=\"caption-attachment-2000\" class=\"wp-caption-text\">Thadd\u00e4us Janas<br \/>Schriftf\u00fchrer-Stellvertreter, Gew\u00e4sserwart Ebersch\u00fctt<\/figcaption><\/figure><\/td><td class=\"column-2\"><figure id=\"attachment_2057\" aria-describedby=\"caption-attachment-2057\" style=\"width: 150px\" class=\"wp-caption alignnone\"><img loading=\"lazy\" decoding=\"async\" src=\"http:\/\/www.lobaufischer.at\/wp-content\/uploads\/2026\/06\/POKORNY_David-150x150.jpg\" alt=\"David Pokorny Kassier-Stellvertreter, Gew\u00e4sserwart M\u00fchlwasser\" width=\"150\" height=\"150\" class=\"size-thumbnail wp-image-2057\" \/><figcaption id=\"caption-attachment-2057\" class=\"wp-caption-text\">David Pokorny<br \/>Kassier-Stellvertreter, GW M\u00fchlwasser<\/figcaption><\/figure><\/td><td class=\"column-3\"><figure id=\"attachment_1997\" aria-describedby=\"caption-attachment-1997\" style=\"width: 150px\" class=\"wp-caption alignnone\"><img loading=\"lazy\" decoding=\"async\" src=\"http:\/\/www.lobaufischer.at\/wp-content\/uploads\/2026\/06\/HOFMANN_Michael-150x150.jpg\" alt=\"Michael Hofmann Gew\u00e4sserwart K\u00fchw\u00f6rther, Jugendwart\" width=\"150\" height=\"150\" class=\"size-thumbnail wp-image-1997\" \/><figcaption id=\"caption-attachment-1997\" class=\"wp-caption-text\">Michael Hofmann<br \/>Gew\u00e4sserwart K\u00fchw\u00f6rther, Jugendwart<\/figcaption><\/figure><\/td>\n<\/tr>\n<tr class=\"row-5\">\n\t<td class=\"column-1\">GEW\u00c4SSERWART <\/td><td class=\"column-2\">GEW\u00c4SSERWART<\/td><td class=\"column-3\">GEW\u00c4SSERWART  <\/td>\n<\/tr>\n<tr class=\"row-6\">\n\t<td class=\"column-1\"><figure id=\"attachment_2003\" aria-describedby=\"caption-attachment-2003\" style=\"width: 150px\" class=\"wp-caption alignnone\"><img loading=\"lazy\" decoding=\"async\" src=\"http:\/\/www.lobaufischer.at\/wp-content\/uploads\/2026\/06\/KUNDELA_Patrick-150x150.jpg\" alt=\"Patrick Kundela Gew\u00e4sserwart M\u00fchlwasser\" width=\"150\" height=\"150\" class=\"size-thumbnail wp-image-2003\" \/><figcaption id=\"caption-attachment-2003\" class=\"wp-caption-text\">Patrick Kundela<br \/>Gew\u00e4sserwart M\u00fchlwasser<\/figcaption><\/figure><\/td><td class=\"column-2\"><figure id=\"attachment_1998\" aria-describedby=\"caption-attachment-1998\" style=\"width: 150px\" class=\"wp-caption alignnone\"><img loading=\"lazy\" decoding=\"async\" src=\"http:\/\/www.lobaufischer.at\/wp-content\/uploads\/2026\/06\/HOeRMANN_Dominik-150x150.jpg\" alt=\"Dominik H\u00f6rmann Gew\u00e4sserwart DOK III, Jugendbetreuer\" width=\"150\" height=\"150\" class=\"size-thumbnail wp-image-1998\" \/><figcaption id=\"caption-attachment-1998\" class=\"wp-caption-text\">Dominik H\u00f6rmann<br \/>Gew\u00e4sserwart DOK III, Jugendbetreuer<\/figcaption><\/figure><\/td><td class=\"column-3\"><figure id=\"attachment_2005\" aria-describedby=\"caption-attachment-2005\" style=\"width: 150px\" class=\"wp-caption alignnone\"><img loading=\"lazy\" decoding=\"async\" src=\"http:\/\/www.lobaufischer.at\/wp-content\/uploads\/2026\/06\/STIEBITZ_Guenther-150x150.jpg\" alt=\"GW Teich Lobau und DOK II, LO-Beauftragter\" width=\"150\" height=\"150\" class=\"size-thumbnail wp-image-2005\" \/><figcaption id=\"caption-attachment-2005\" class=\"wp-caption-text\">G\u00fcnther Stiebitz<br \/>GW Teich Lobau und DOK II, LO-Beauftragter<\/figcaption><\/figure><\/td>\n<\/tr>\n<tr class=\"row-7\">\n\t<td class=\"column-1\">GEW\u00c4SSERWART<\/td><td class=\"column-2\">GEW\u00c4SSERWART <\/td><td class=\"column-3\">H\u00dcTTENWART<\/td>\n<\/tr>\n<tr class=\"row-8\">\n\t<td class=\"column-1\"><figure id=\"attachment_2001\" aria-describedby=\"caption-attachment-2001\" style=\"width: 150px\" class=\"wp-caption alignnone\"><img loading=\"lazy\" decoding=\"async\" src=\"http:\/\/www.lobaufischer.at\/wp-content\/uploads\/2026\/06\/KRONOWETTER_Robert-150x150.jpg\" alt=\"Robert Kronowetter Gew\u00e4sserwart Aspern See\" width=\"150\" height=\"150\" class=\"size-thumbnail wp-image-2001\" \/><figcaption id=\"caption-attachment-2001\" class=\"wp-caption-text\">Robert Kronowetter<br \/>Gew\u00e4sserwart Aspern See<\/figcaption><\/figure><\/td><td class=\"column-2\"><figure id=\"attachment_2128\" aria-describedby=\"caption-attachment-2128\" style=\"width: 150px\" class=\"wp-caption alignnone\"><img loading=\"lazy\" decoding=\"async\" src=\"http:\/\/www.lobaufischer.at\/wp-content\/uploads\/2026\/06\/HABERFELLNER_Helmut-150x150.jpeg\" alt=\"Helmut Haberfellner Gew\u00e4sserwart Asperner See\" width=\"150\" height=\"150\" class=\"size-thumbnail wp-image-2128\" \/><figcaption id=\"caption-attachment-2128\" class=\"wp-caption-text\">Helmut Haberfellner<br \/>Gew\u00e4sserwart<br \/>Asperner See<\/figcaption><\/figure><\/td><td class=\"column-3\"><figure id=\"attachment_2002\" aria-describedby=\"caption-attachment-2002\" style=\"width: 150px\" class=\"wp-caption alignnone\"><img loading=\"lazy\" decoding=\"async\" src=\"http:\/\/www.lobaufischer.at\/wp-content\/uploads\/2026\/06\/KUNDELA_Franz-150x150.jpg\" alt=\"Franz Kundela H\u00fcttenwart\" width=\"150\" height=\"150\" class=\"size-thumbnail wp-image-2002\" \/><figcaption id=\"caption-attachment-2002\" class=\"wp-caption-text\">Franz Kundela<br \/>H\u00fcttenwart<\/figcaption><\/figure><\/td>\n<\/tr>\n<tr class=\"row-9\">\n\t<td class=\"column-1\">GER\u00c4TEWART<\/td><td class=\"column-2\">BEISITZER <\/td><td class=\"column-3\">-<\/td>\n<\/tr>\n<tr class=\"row-10\">\n\t<td class=\"column-1\"><figure id=\"attachment_1999\" aria-describedby=\"caption-attachment-1999\" style=\"width: 150px\" class=\"wp-caption alignnone\"><img loading=\"lazy\" decoding=\"async\" src=\"http:\/\/www.lobaufischer.at\/wp-content\/uploads\/2026\/06\/JANAS_Franz-150x150.jpg\" alt=\"Franz Janas Ger\u00e4tewart\" width=\"150\" height=\"150\" class=\"size-thumbnail wp-image-1999\" \/><figcaption id=\"caption-attachment-1999\" class=\"wp-caption-text\">Franz Janas<br \/>Ger\u00e4tewart<\/figcaption><\/figure><\/td><td class=\"column-2\"><figure id=\"attachment_2126\" aria-describedby=\"caption-attachment-2126\" style=\"width: 150px\" class=\"wp-caption alignnone\"><img loading=\"lazy\" decoding=\"async\" src=\"http:\/\/www.lobaufischer.at\/wp-content\/uploads\/2026\/06\/CIVILJISAC_Karl-150x150.jpeg\" alt=\"Beisitzer\" width=\"150\" height=\"150\" class=\"size-thumbnail wp-image-2126\" \/><figcaption id=\"caption-attachment-2126\" class=\"wp-caption-text\">Karl Cviljusac<br \/>\nBeisitzer<\/figcaption><\/figure><\/td><td class=\"column-3\"><\/td>\n<\/tr>\n<\/tbody>\n<\/table>\n<!-- #tablepress-3 from cache -->\n","protected":false},"excerpt":{"rendered":"<p>Der Vorstand des Vereins der Lobaufischer wurde von seinen 450 Mitgliedern im Rahmen der letzten Jahresversammlung im M\u00e4rz 2026 neu gew\u00e4hlt. Er trifft sich mindestens einmal monatlich in Gro\u00dfenzersdorf zu den Vereinssitzungen.<\/p>\n","protected":false},"author":1,"featured_media":0,"parent":0,"menu_order":0,"comment_status":"closed","ping_status":"closed","template":"","meta":{"ngg_post_thumbnail":0,"footnotes":""},"class_list":["post-290","page","type-page","status-publish","hentry"],"jetpack_sharing_enabled":true,"_links":{"self":[{"href":"http:\/\/www.lobaufischer.at\/index.php?rest_route=\/wp\/v2\/pages\/290","targetHints":{"allow":["GET"]}}],"collection":[{"href":"http:\/\/www.lobaufischer.at\/index.php?rest_route=\/wp\/v2\/pages"}],"about":[{"href":"http:\/\/www.lobaufischer.at\/index.php?rest_route=\/wp\/v2\/types\/page"}],"author":[{"embeddable":true,"href":"http:\/\/www.lobaufischer.at\/index.php?rest_route=\/wp\/v2\/users\/1"}],"replies":[{"embeddable":true,"href":"http:\/\/www.lobaufischer.at\/index.php?rest_route=%2Fwp%2Fv2%2Fcomments&post=290"}],"version-history":[{"count":8,"href":"http:\/\/www.lobaufischer.at\/index.php?rest_route=\/wp\/v2\/pages\/290\/revisions"}],"predecessor-version":[{"id":2047,"href":"http:\/\/www.lobaufischer.at\/index.php?rest_route=\/wp\/v2\/pages\/290\/revisions\/2047"}],"wp:attachment":[{"href":"http:\/\/www.lobaufischer.at\/index.php?rest_route=%2Fwp%2Fv2%2Fmedia&parent=290"}],"curies":[{"name":"wp","href":"https:\/\/api.w.org\/{rel}","templated":true}]}}

<p>Der Vorstand des Vereins der Lobaufischer wurde von seinen 450 Mitgliedern im Rahmen der letzten Jahresversammlung im März 2026 neu gewählt. Er trifft sich mindestens einmal monatlich in Großenzersdorf zu den Vereinssitzungen.</p>

<table id="tablepress-3" class="tablepress tablepress-id-3">
<thead>
<tr class="row-1">
	<th class="column-1">OBMANN</th><th class="column-2">OBMANN StV.</th><th class="column-3">KASSIER</th>
</tr>
</thead>
<tbody class="row-striping row-hover">
<tr class="row-2">
	<td class="column-1"><figure id="attachment_1985" aria-describedby="caption-attachment-1985" style="width: 150px" class="wp-caption alignnone"><img loading="lazy" decoding="async" src="http://www.lobaufischer.at/wp-content/uploads/2026/06/KOBER_Gerhard-150x150.jpg" alt="Gerhard Kober Obmann" width="150" height="150" class="size-thumbnail wp-image-1985" /><figcaption id="caption-attachment-1985" class="wp-caption-text">Gerhard Kober<br />Obmann, Schriftführer, Gewässerwart Teich Lobau</figcaption></figure></td><td class="column-2"><figure id="attachment_2004" aria-describedby="caption-attachment-2004" style="width: 150px" class="wp-caption alignnone"><img loading="lazy" decoding="async" src="http://www.lobaufischer.at/wp-content/uploads/2026/06/LANG_Christoph-150x150.jpg" alt="Christoph Lang Obmann-Stellvertreter, Kontrollobmann" width="150" height="150" class="size-thumbnail wp-image-2004" /><figcaption id="caption-attachment-2004" class="wp-caption-text">Christoph Lang<br />Obmann-Stellvertreter, Kontrollobmann</figcaption></figure></td><td class="column-3"><figure id="attachment_1996" aria-describedby="caption-attachment-1996" style="width: 150px" class="wp-caption alignnone"><img loading="lazy" decoding="async" src="http://www.lobaufischer.at/wp-content/uploads/2026/06/GOLDMANN_Harald-150x150.jpg" alt="Harald Goldmann Kassier, LO-Kassier Stellvertreter, Verbands-Rechnungsprüfer" width="150" height="150" class="size-thumbnail wp-image-1996" /><figcaption id="caption-attachment-1996" class="wp-caption-text">Harald Goldmann<br />Kassier, LO-Kassier Stellvertreter, Verbands-Rechnungsprüfer</figcaption></figure></td>
</tr>
<tr class="row-3">
	<td class="column-1">SCHRIFTFÜHRER StV.</td><td class="column-2">KASSIER StV.</td><td class="column-3">GEWÄSSERWART</td>
</tr>
<tr class="row-4">
	<td class="column-1"><figure id="attachment_2000" aria-describedby="caption-attachment-2000" style="width: 150px" class="wp-caption alignnone"><img loading="lazy" decoding="async" src="http://www.lobaufischer.at/wp-content/uploads/2026/06/JANAS_Thaddaeus-150x150.jpg" alt="Thaddäus Janas Schriftführer-Stellvertreter" width="150" height="150" class="size-thumbnail wp-image-2000" /><figcaption id="caption-attachment-2000" class="wp-caption-text">Thaddäus Janas<br />Schriftführer-Stellvertreter, Gewässerwart Eberschütt</figcaption></figure></td><td class="column-2"><figure id="attachment_2057" aria-describedby="caption-attachment-2057" style="width: 150px" class="wp-caption alignnone"><img loading="lazy" decoding="async" src="http://www.lobaufischer.at/wp-content/uploads/2026/06/POKORNY_David-150x150.jpg" alt="David Pokorny Kassier-Stellvertreter, Gewässerwart Mühlwasser" width="150" height="150" class="size-thumbnail wp-image-2057" /><figcaption id="caption-attachment-2057" class="wp-caption-text">David Pokorny<br />Kassier-Stellvertreter, GW Mühlwasser</figcaption></figure></td><td class="column-3"><figure id="attachment_1997" aria-describedby="caption-attachment-1997" style="width: 150px" class="wp-caption alignnone"><img loading="lazy" decoding="async" src="http://www.lobaufischer.at/wp-content/uploads/2026/06/HOFMANN_Michael-150x150.jpg" alt="Michael Hofmann Gewässerwart Kühwörther, Jugendwart" width="150" height="150" class="size-thumbnail wp-image-1997" /><figcaption id="caption-attachment-1997" class="wp-caption-text">Michael Hofmann<br />Gewässerwart Kühwörther, Jugendwart</figcaption></figure></td>
</tr>
<tr class="row-5">
	<td class="column-1">GEWÄSSERWART </td><td class="column-2">GEWÄSSERWART</td><td class="column-3">GEWÄSSERWART  </td>
</tr>
<tr class="row-6">
	<td class="column-1"><figure id="attachment_2003" aria-describedby="caption-attachment-2003" style="width: 150px" class="wp-caption alignnone"><img loading="lazy" decoding="async" src="http://www.lobaufischer.at/wp-content/uploads/2026/06/KUNDELA_Patrick-150x150.jpg" alt="Patrick Kundela Gewässerwart Mühlwasser" width="150" height="150" class="size-thumbnail wp-image-2003" /><figcaption id="caption-attachment-2003" class="wp-caption-text">Patrick Kundela<br />Gewässerwart Mühlwasser</figcaption></figure></td><td class="column-2"><figure id="attachment_1998" aria-describedby="caption-attachment-1998" style="width: 150px" class="wp-caption alignnone"><img loading="lazy" decoding="async" src="http://www.lobaufischer.at/wp-content/uploads/2026/06/HOeRMANN_Dominik-150x150.jpg" alt="Dominik Hörmann Gewässerwart DOK III, Jugendbetreuer" width="150" height="150" class="size-thumbnail wp-image-1998" /><figcaption id="caption-attachment-1998" class="wp-caption-text">Dominik Hörmann<br />Gewässerwart DOK III, Jugendbetreuer</figcaption></figure></td><td class="column-3"><figure id="attachment_2005" aria-describedby="caption-attachment-2005" style="width: 150px" class="wp-caption alignnone"><img loading="lazy" decoding="async" src="http://www.lobaufischer.at/wp-content/uploads/2026/06/STIEBITZ_Guenther-150x150.jpg" alt="GW Teich Lobau und DOK II, LO-Beauftragter" width="150" height="150" class="size-thumbnail wp-image-2005" /><figcaption id="caption-attachment-2005" class="wp-caption-text">Günther Stiebitz<br />GW Teich Lobau und DOK II, LO-Beauftragter</figcaption></figure></td>
</tr>
<tr class="row-7">
	<td class="column-1">GEWÄSSERWART</td><td class="column-2">GEWÄSSERWART </td><td class="column-3">HÜTTENWART</td>
</tr>
<tr class="row-8">
	<td class="column-1"><figure id="attachment_2001" aria-describedby="caption-attachment-2001" style="width: 150px" class="wp-caption alignnone"><img loading="lazy" decoding="async" src="http://www.lobaufischer.at/wp-content/uploads/2026/06/KRONOWETTER_Robert-150x150.jpg" alt="Robert Kronowetter Gewässerwart Aspern See" width="150" height="150" class="size-thumbnail wp-image-2001" /><figcaption id="caption-attachment-2001" class="wp-caption-text">Robert Kronowetter<br />Gewässerwart Aspern See</figcaption></figure></td><td class="column-2"><figure id="attachment_2128" aria-describedby="caption-attachment-2128" style="width: 150px" class="wp-caption alignnone"><img loading="lazy" decoding="async" src="http://www.lobaufischer.at/wp-content/uploads/2026/06/HABERFELLNER_Helmut-150x150.jpeg" alt="Helmut Haberfellner Gewässerwart Asperner See" width="150" height="150" class="size-thumbnail wp-image-2128" /><figcaption id="caption-attachment-2128" class="wp-caption-text">Helmut Haberfellner<br />Gewässerwart<br />Asperner See</figcaption></figure></td><td class="column-3"><figure id="attachment_2002" aria-describedby="caption-attachment-2002" style="width: 150px" class="wp-caption alignnone"><img loading="lazy" decoding="async" src="http://www.lobaufischer.at/wp-content/uploads/2026/06/KUNDELA_Franz-150x150.jpg" alt="Franz Kundela Hüttenwart" width="150" height="150" class="size-thumbnail wp-image-2002" /><figcaption id="caption-attachment-2002" class="wp-caption-text">Franz Kundela<br />Hüttenwart</figcaption></figure></td>
</tr>
<tr class="row-9">
	<td class="column-1">GERÄTEWART</td><td class="column-2">BEISITZER </td><td class="column-3">-</td>
</tr>
<tr class="row-10">
	<td class="column-1"><figure id="attachment_1999" aria-describedby="caption-attachment-1999" style="width: 150px" class="wp-caption alignnone"><img loading="lazy" decoding="async" src="http://www.lobaufischer.at/wp-content/uploads/2026/06/JANAS_Franz-150x150.jpg" alt="Franz Janas Gerätewart" width="150" height="150" class="size-thumbnail wp-image-1999" /><figcaption id="caption-attachment-1999" class="wp-caption-text">Franz Janas<br />Gerätewart</figcaption></figure></td><td class="column-2"><figure id="attachment_2126" aria-describedby="caption-attachment-2126" style="width: 150px" class="wp-caption alignnone"><img loading="lazy" decoding="async" src="http://www.lobaufischer.at/wp-content/uploads/2026/06/CIVILJISAC_Karl-150x150.jpeg" alt="Beisitzer" width="150" height="150" class="size-thumbnail wp-image-2126" /><figcaption id="caption-attachment-2126" class="wp-caption-text">Karl Cviljusac<br />
Beisitzer</figcaption></figure></td><td class="column-3"></td>
</tr>
</tbody>
</table>
<!-- #tablepress-3 from cache -->

<p>Der Vorstand des Vereins der Lobaufischer wurde von seinen 450 Mitgliedern im Rahmen der letzten Jahresversammlung im März 2026 neu gewählt. Er trifft sich mindestens einmal monatlich in Großenzersdorf zu den Vereinssitzungen.</p>
